 - l - 41 = 0, 5*x = 2*l - 48. Let d be (-200)/12*6*2/x. Calculate the greatest common divisor of 510 and d.
10
Suppose 0 = 4*o - 6 - 6. Suppose 0 = o*r + 3*c - 33, 0 = 3*r - r + 5*c - 34. Let b = 75 - 40. What is the greatest common divisor of b and r?
7
Let r(j) = 14*j + 110. Let n be r(-20). Let h = n - -172. What is the highest common factor of h and 3?
1
Let a = -8833 + 8847. Calculate the highest common divisor of 20818 and a.
14
Suppose 76 = r + r. Suppose -5*y + 2*l = -28, 2*y - l - 9 = 3. Suppose 4788 = 14*h + y*h. What is the greatest common factor of r and h?
38
Let x(h) = -33*h - 41. Suppose -3*t - 63 = -51. Let f be x(t). What is the greatest common factor of f and 28?
7
Let s = 2438 + 996. What is the greatest common factor of 68 and s?
34
Suppose -7*q + 308 = 98. Let b(z) = -z**2 - 7*z + 5. Let s be b(-6). Let w = q + s. What is the greatest common divisor of w and 41?
41
Let t be ((-8)/(-24))/((-2)/(-162)). What is the greatest common factor of 459 and t?
27
Suppose 3*u + 15 = 0, 4*g - 10 = u + 15. Suppose -g = -5*p - 35. Let l(n) = n**2 + 4*n + 10. Let w be l(p). What is the greatest common factor of w and 55?
11
Suppose -25*f + 22*f = -69. Let l = 68 + f. Calculate the greatest common factor of l and 14.
7
Suppose -414*w = -411*w + 2*n - 15, 4*w + 26 = 5*n. What is the highest common divisor of 1944 and w?
1
Let k = 20 - 16. Let x(f) = f**3 + 3*f**2 + 7*f + 45. Let n be x(-4). Calculate the greatest common divisor of n and k.
1
Suppose -z - 9*b = -7*b - 30, -b + 65 = 3*z. Suppose 27*i = z*i + 2205. What is the greatest common factor of 35 and i?
35
Let w = -8117 - -8243. What is the greatest common factor of w and 486?
18
Suppose w + a = 43687, 0 = 4*w + 570*a - 573*a - 174783. What is the greatest common factor of 132 and w?
132
Let c be 4 - 0 - (-4216)/34. Suppose -w - 4*j = -24, j = 2*w + 4*j - 23. What is the highest common divisor of c and w?
4
Let w(r) = -r**3 + 7*r**2 + 8*r. Let q(n) = 2*n**2 - 2*n + 3. Let b be q(2). Let h be w(b). Calculate the highest common divisor of h and 504.
56
Let c be (-28)/(-4) + -4 + 0 - (-10 + -2003). Calculate the highest common factor of c and 280.
56
Let r be 1125 + ((-81)/54)/(3/4). Let z = r - 801. Calculate the greatest common factor of z and 14.
14
Suppose -135*k + 874551 = 94*k. Calculate the highest common divisor of 737 and k.
67
Suppose -8*x - 5 = 35. Let v = -5 - x. Suppose -2*s + 8 = v, -w = 3*w + s - 1192. What is the greatest common divisor of 27 and w?
27
Suppose -3*x + 5*v = -43, -4*x + 5*v + 0*v = -49. Let p = 12 + -7. Suppose 56 = 3*n + p*r, -r + 2*r + 56 = 5*n. What is the highest common factor of n and x?
6
Suppose 9813 + 5456 - 4565 = 6*o. What is the greatest common factor of 20 and o?
4
Let x be 221/13 + (-3)/1. Let j(n) = x - n**3 + 38 + 13*n**2 - 13. Let y be j(13). Calculate the greatest common factor of y and 26.
13
Suppose -5*q + 18263 + 7620 = 176*q. Calculate the highest common divisor of 6721 and q.
143
Let x(w) = -9*w + 4. Let r be x(-13). Suppose 145 = -8*n - 39. Let y = -12 - n. Calculate the greatest common divisor of r and y.
11
Let v(p) = 2*p + 16. Let u be v(-5). Suppose 16 = -u*t - 2. Let l be 0/(t - 1) - -17. What is the highest common divisor of l and 34?
17
Let g(f) = 2*f + 10. Let o be g(10). Let h(d) = d**2 + 50*d + 210. Let v be h(0). Calculate the greatest common divisor of o and v.
30
Let l(q) = 51*q + 161. Let o be l(-11). Let m = -355 - o. What is the highest common factor of 285 and m?
15
Suppose 298 + 84 = l. Let d = 562 - l. Suppose 4*n + d + 136 = 4*k, -16 = 4*n. Calculate the greatest common factor of 100 and k.
25
Let p = -1314 - -906. Let t = -328 - p. What is the highest common factor of t and 200?
40
Suppose -o + 2*n + 106 = 0, -124 - 335 = -4*o + n. Let y = o - 103. Calculate the greatest common factor of y and 39.
13
Suppose 2*r + 484 = 3*c - 2131, 5*c = -r + 4341. What is the highest common divisor of c and 11?
11
Let j be 7*13750/1225*21. What is the greatest common factor of 240 and j?
30
Suppose -13*r + 6*r - 27*r + 533936 = 0. Calculate the highest common factor of r and 104.
104
Let w = -9159 - -9167. What is the greatest common factor of 11848 and w?
8
Let l(a) = -15*a**2 + 9*a**2 - 16*a**2 - 2*a**3 + 24 + 3*a**3 - 49*a. Let j be l(24). Suppose 6*m = -j*m + 1950. What is the highest common divisor of m and 25?
25
Suppose -23 - 1 = -c. Let r(x) = x**2 - 24*x + 164. Let n be r(14). Let u be -3 - (40/n + 86/(-3)). What is the highest common divisor of u and c?
24
Let s = -536 - -407. Let y = s - -155. Calculate the highest common divisor of 338 and y.
26
Let k be (-60)/(-16) - -1*(-4)/(-16). Suppose -k*p + 8 = -0*p, -4*z + 18 = p. Let s be 2*-16*(25/(-10) - -2). What is the greatest common factor of s and z?
4
Let n be (-19)/(-19)*(-6 + -2). Let d be n/20 + 24340/100. Calculate the greatest common factor of 81 and d.
81
Suppose 0 = n + 3*i - 4, -2*n - 2*i = 2*i - 2. Let f be n + 7 - (72 + 0). Let t be (-5 - -1)*1/5*f. What is the greatest common divisor of 14 and t?
14
Let m(k) = k**2 + 165*k - 1561. Let h be m(-174). What is the greatest common divisor of h and 995?
5
Let l be (10240/(-12))/(-2)*10/(280/63). What is the greatest common factor of 72 and l?
24
Suppose 90*c - 3085 = 7445. Let w = 16 - -140. Calculate the greatest common divisor of w and c.
39
Let i(t) = 3*t**2 - 30*t + 75. Let a be i(3). Let x = -25 + 10. Let q be (-5)/x + 11/3. What is the greatest common factor of a and q?
4
Let r = -9 + 21. Let v = 340 + -343. Let d be 0 + v - (-85 - 2). Calculate the highest common factor of d and r.
12
Let h = -34244 - -34265. Suppose x + 3*x - 2268 = 0. What is the greatest common factor of x and h?
21
Let r(v) = -7*v**3 + 8*v**2. Let l be r(-3). Let d = l - 186. What is the highest common factor of d and 3?
3
Suppose 0 = l - 3*z - 113, 0 = -4*l - 2*z - z + 437. Let b = -98 + l. What is the highest common factor of 6 and b?
6
Let m(y) = -151*y**3 + y**2. Let k be m(-1). Suppose 26*r - 165213 = -165005. What is the greatest common divisor of k and r?
8
Let v be ((-5)/10)/(4/1) + 18402/16. What is the highest common divisor of v and 300?
50
Suppose -13 + 3 = 5*o, -v - 2*o = -134. Let u = v - 53. Let c = u - 80. Calculate the greatest common factor of c and 80.
5
Suppose 32*d = 12*d - 22120. Let z = -1 - d. Calculate the highest common divisor of 85 and z.
85
Let w be 476076/2716 - (-2 + (-16)/(-7)). Let i be 1 - (-2 - 64/2). Calculate the highest common divisor of i and w.
35
Let o be 11 - 0 - (-2883)/93. What is the highest common factor of o and 14574?
42
Let l = 690 - 684. Let q be 1*l*(-252)/(-54). What is the highest common factor of 252 and q?
28
Let n be 156 - 4/56*7*-4. What is the highest common factor of 8927 and n?
79
Let f = 117 + -69. Let v be 63 - (4 - 0/(-3)). Let y = -27 + v. What is the highest common factor of f and y?
16
Let g(b) = b**3 - 56*b - 3*b**2 - 5*b**2 + 23*b + 28 + 14*b. Let q be g(11). Calculate the highest common factor of q and 70.
14
Let n = -5131 + 13015. What is the greatest common factor of n and 324?
108
Let r = -104 - -55. Suppose 18*z + 3*g - 1284 = 0, 0 + 2 = g. Let h = r + z. What is the highest common divisor of 33 and h?
11
Let j(r) = -r**2 - 7*r - 4. Suppose k + 7 = 1. Let w be j(k). Let v = 161 - 153. Calculate the highest common factor of w and v.
2
Let b = -13000 + 13099. What is the greatest common factor of 39 and b?
3
Let l = 89 + 262. Let f be 13 + 1710/(-130) + ((-8982)/(-78) - 7). What is the greatest common factor of f and l?
27
Let z = -2327 - -10140. Calculate the highest common divisor of 13 and z.
13
Let u be -2 + ((-4)/14)/(11/77). Let i(t) = -t**2 + 4*t + 32. Let x be i(u). Suppose -9*m + 4*m + 105 = x. Calculate the greatest common divisor of m and 168.
21
Let c be 3 + 210 + (-13)/(-13) + 6. Calculate the greatest common factor of 140 and c.
20
Let f(m) be the first derivative of -3*m**4/4 + 19*m**3/3 - 3*m**2/2 - 6*m + 189. Let y be f(6). What is the greatest common factor of 84 and y?
12
Let a(t) = -t**3 - 2*t**2 - 14*t - 29. Let g be a(-5). Let j = 235 - g. What is the greatest common factor of 7 and j?
7
Let i be 135 - (162/189 - (-41)/(-7)). Calculate the greatest common divisor of 1820 and i.
140
Suppose -233*z + 216*z + 4624 = 0. What is the greatest c